2444940 and 2520?
1260
What is the highest common factor of 14322 and 698005?
77
What is the greatest common divisor of 18345704 and 663?
13
What is the greatest common divisor of 106758 and 17694?
18
What is the greatest common factor of 1877094 and 4941?
81
Calculate the greatest common factor of 825 and 2666433.
33
What is the highest common factor of 46102 and 538717?
89
Calculate the greatest common divisor of 144 and 4092300.
36
What is the greatest common divisor of 90992 and 88253968?
8272
Calculate the highest common divisor of 58089 and 96279.
201
What is the greatest common factor of 39384 and 4146?
6
What is the greatest common divisor of 47026 and 18956?
14
Calculate the highest common divisor of 16416 and 272346.
114
What is the greatest common divisor of 6426 and 611660?
238
What is the greatest common divisor of 306103 and 413?
7
Calculate the greatest common factor of 130433 and 10865.
53
Calculate the highest common factor of 339374685 and 390.
195
What is the highest common divisor of 9634203 and 4473?
639
What is the greatest common factor of 49336821 and 27?
9
What is the highest common factor of 1261978 and 442?
34
Calculate the highest common divisor of 17134 and 56521112.
1318
What is the highest common factor of 67 and 35922385?
67
Calculate the greatest common factor of 2196 and 2267316.
36
What is the greatest common divisor of 8984940 and 84?
12
Calculate the highest common divisor of 65970 and 208054720.
7330
What is the highest common divisor of 11142 and 21291124?
1238
What is the greatest common factor of 49849499 and 21?
7
What is the highest common factor of 135132633 and 117?
9
Calculate the highest common divisor of 1417 and 1935167.
13
What is the highest common factor of 9881347 and 189?
7
Calculate the greatest common divisor of 63 and 54840177.
63
What is the highest common divisor of 7489329 and 138?
69
What is the greatest common factor of 1350 and 141485?
5
What is the greatest common factor of 24315258 and 37863?
1803
What is the greatest common factor of 318039408 and 18640?
3728
What is the greatest common factor of 6328 and 69028536?
904
What is the highest common factor of 249854860 and 100?
20
Calculate the highest common divisor of 696968 and 712.
8
Calculate the greatest common factor of 42 and 43321964.
14
What is the greatest common factor of 68 and 127903597?
17
What is the greatest common factor of 226946319 and 115785?
7719
Calculate the greatest common divisor of 135 and 2385.
45
What is the greatest common factor of 194778 and 12933?
27
What is the highest common divisor of 54613330 and 20?
10
What is the highest common divisor of 60 and 4937865420?
60
What is the greatest common divisor of 5588574 and 4326?
618
Calculate the highest common divisor of 131207 and 653836.
733
Calculate the greatest common factor of 22029098 and 322.
14
Calculate the greatest common factor of 5520 and 1535970.
30
What is the highest common factor of 9641 and 206894?
31
What is the greatest common factor of 29822442 and 12990?
2598
Calculate the highest common factor of 1843 and 3743.
19
Calculate the highest common factor of 3179665 and 4580.
1145
What is the highest common divisor of 2934898 and 31571?
241
What is the greatest common divisor of 75544776 and 1758?
1758
What is the greatest common factor of 80208 and 39231?
9
What is the highest common factor of 38456 and 11630916?
1012
Calculate the highest common factor of 114452 and 17598204.
1612
Calculate the greatest common factor of 27624 and 3060509.
1151
What is the highest common divisor of 704979 and 18799?
11
What is the greatest common divisor of 467352 and 52344?
72
Calculate the greatest common divisor of 6 and 332303418.
6
What is the greatest common factor of 148 and 2333294?
74
What is the highest common factor of 1995 and 733769645?
665
Calculate the greatest common divisor of 7508 and 12836.
4
What is the greatest common divisor of 170 and 2365955?
5
Calculate the greatest common factor of 29187 and 97854.
141
What is the greatest common divisor of 69964350 and 136?
34
What is the highest common divisor of 3 and 12456357?
3
Calculate the highest common factor of 3377 and 336831.
11
Calculate the greatest common factor of 195 and 16271333.
13
What is the greatest common factor of 939 and 49026442?
313
What is the highest common divisor of 544 and 17437988?
68
What is the greatest common divisor of 20839 and 2011765?
1603
What is the highest common divisor of 5909 and 6299616?
311
What is the highest common divisor of 174296250 and 78750?
11250
What is the highest common divisor of 342 and 88586856?
18
What is the highest common factor of 435664 and 2847?
73
What is the highest common factor of 3087604 and 104?
52
Calculate the greatest common divisor of 107 and 731162137.
107
Calculate the highest common factor of 12 and 3157396.
4
What is the highest common factor of 164201004 and 60?
12
Calculate the greatest common factor of 12 and 41082816.
12
Calculate the greatest common divisor of 18896700 and 8900.
100
What is the highest common factor of 95404 and 6476524?
1564
Calculate the highest common factor of 2556 and 8325.
9
Calculate the highest common divisor of 1700 and 3336675.
425
Calculate the highest common divisor of 6765 and 88403790.
615
Calculate the greatest common factor of 16072 and 33996872.
2296
Calculate the highest common factor of 20453 and 64255.
181
What is the highest common factor of 731540 and 940?
20
Calculate the greatest common divisor of 6622 and 341226242.
602
What is the greatest common divisor of 598 and 1407135262?
598
Calculate the greatest common divisor of 7533024 and 36156.
1572
What is the greatest common factor of 1688 and 18812971?
211
Calculate the highest common divisor of 7807459 and 11.
11
Calculate the greatest common divisor of 106664 and 177416.
536
Calculate the highest common factor of 70 and 175578250.
10
What is the greatest common divisor of 776976612 and 8974?
1282
Calculate the greatest common divisor of 558800 and 82804.
508
Calculate the highest common factor of 544 and 1985464.
136
Calculate the highest common factor of 9920384 and 15040.
3008
Calculate the highest common factor of 375 and 641415.
15
What is the greatest common factor of 50 and 476583050?
50
Calculate the greatest common divisor of 4746389 and 47.
47
What is the greatest common factor of 11551865 and 11040?
115
What is the highest common factor of 1190558999 and 217?
217
What is the highest common factor of 1633723 and 3549?
1183
What is the greatest common divisor of 495296 and 714168?
872
Calculate the highest common divisor of 253096 and 1564.
68
Calculate the greatest common divisor of 19867760 and 20678.
422
What is the greatest common factor of 45 and 155997?
9
What is the highest common factor of 20770 and 534070?
10
Calculate the highest common factor of 556458 and 98.
14
Calculate the greatest common factor of 669 and 76692599.
223
Calculate the greatest common divisor of 884 and 809676.
68
Calculate the greatest common factor of 5593133 and 2275.
91
Calculate the highest common factor of 31623 and 120015.
381
Calculate the highest common divisor of 285 and 16487307.
57
What is the highest common factor of 1770 and 340194?
354
What is the greatest common divisor of 659442397 and 841?
841
Calculate the greatest common factor of 482408006 and 331.
331
What is the greatest common factor of 495168 and 291427?
2579
Calculate the greatest common divisor of 267494897 and 2012.
503
Calculate the greatest common factor of 20786 and 480266.
1094
What is the greatest common divisor of 46 and 220918?
2
Calculate the highest common divisor of 864 and 7842312.
216
Calculate the highest common divisor of 442467 and 13281.
699
Calculate the greatest common divisor of 553 and 840833.
7
What is the greatest common divisor of 90980 and 172?
4
What is the highest common divisor of 49071 and 6963?
33
Calculate the highest common factor of 444357 and 323980.
97
Calculate the highest common factor of 2569560 and 229026.
5586
Calculate the greatest common divisor of 80834 and 61906.
26
Calculate the greatest common factor of 133371 and 6958287.
4599
What is the highest common divisor of 75 and 5952900?
75
What is the greatest 